1*s = 19*s + 1060. What is the greatest common factor of s and 1490?
10
Suppose -4*j + 1240 - 334 = 5*w, 5*w + 8*j = 902. Calculate the greatest common factor of 4641 and w.
91
Suppose x = 5*x - 32. Let c be (-8*(-1)/x)/((-1)/(-36)). Calculate the greatest common factor of c and 36.
36
Suppose 5 = -f, -116*d + 119*d - 2*f = 667. What is the greatest common divisor of d and 292?
73
Let p = 3167 + -3024. Calculate the greatest common factor of 208 and p.
13
Suppose 5*b - p - 144 = 0, -9*b = -10*b - 4*p + 33. What is the highest common divisor of b and 4843?
29
Let t be ((-19)/(-76))/(8/2 - 2629/660). What is the greatest common divisor of 603 and t?
3
Let z(b) = 11*b + 48. Let r be z(-6). Let f be (60/r - 2)*-6. Calculate the greatest common factor of f and 8.
8
Suppose 3*t - 3 = 3*h, -2*h + t + 2 + 1 = 0. Let r be 17 + -5 + h - 1. What is the highest common factor of 240 and r?
15
Suppose -4*x + 607 = -i - 71, 4*i = -5*x + 879. Calculate the highest common divisor of 14991 and x.
57
Let d(l) = -l**2 + 7*l + 7. Let x be d(8). Let t be (-18470)/(-80) - x/8. What is the greatest common factor of t and 33?
33
Let j = 18534 + -15557. Calculate the highest common factor of 65 and j.
13
Let x = -3151 + 3217. Calculate the greatest common factor of 1023 and x.
33
Let z = -14 + 19. Suppose t + c = z + 39, 3*c = t - 64. Let r = 61 - t. What is the highest common factor of 60 and r?
12
Let t = -5623 + 6229. What is the greatest common divisor of 10100 and t?
202
Let z = -30 - -51. Suppose -b = -5*u - 40, 4*u + 53 = -0*u + 5*b. Let o be 10*u/(-7) - (-4 + 0). What is the greatest common divisor of z and o?
7
Let k(o) = -6*o**2 + 30*o + 16. Let g be k(8). Let t = g - -144. What is the highest common factor of t and 72?
8
Let l be 2486/33 - 1/3. Let n be ((-48)/(-15))/(10/l). Let i = 998 - 958. Calculate the greatest common divisor of n and i.
8
Suppose 2*w + q - 74 = 0, -4*q - 198 = 11*w - 16*w. Calculate the greatest common factor of 1577 and w.
19
Let p = 1170 + -1163. Calculate the greatest common factor of p and 763.
7
Let y = -20109 + 22476. Calculate the highest common divisor of y and 263.
263
Let g = -80 + 84. Let k = -14 + 14. Suppose k*j - 5*j + 30 = 0. Calculate the greatest common divisor of g and j.
2
Let n(o) = -384*o - 3915. Let u be n(-23). Calculate the highest common divisor of u and 33.
33
Suppose -5*n - 1291 = -61. Let j = 257 + n. Calculate the highest common divisor of 451 and j.
11
Suppose -41*j - 76*j = -2574. Calculate the highest common divisor of 1210 and j.
22
Let a be 62*2 + ((-108)/243 - 228/(-27)). Let h(t) = t + 2. Let y be h(-1). Let w = y - -11. Calculate the greatest common factor of w and a.
12
Let c be 117 + (5 - 9 - 0). Suppose 3*y - 4*k - 342 = 0, y = -k + 2*k + c. Calculate the highest common factor of 22 and y.
22
Let r(u) = -231*u + 22. Let c be r(-1). What is the highest common divisor of 110 and c?
11
Let p(u) = -u**3 + 13*u**2 + 31*u - 361. Let i be p(8). What is the highest common factor of 25875 and i?
207
Suppose 19*k = -2146 + 19569. What is the greatest common divisor of 524 and k?
131
Let f = -177357 - -177450. Let w be (1/(-2) - -1)*6. Calculate the greatest common factor of f and w.
3
Let z be ((-10)/(-3))/((-1)/(-3)). Let h = -279 + 279. Let q be (h - -5)/((-2 - 1)/(-18)). What is the greatest common divisor of z and q?
10
Suppose -h - n + 9 = 0, 0 = 8*h - 2*h + 2*n - 62. Calculate the greatest common factor of 2112 and h.
11
Suppose 2*s + 46 = 5*j, -4*s = 5*j - 6*j - 16. Suppose -982 = -0*i - 3*i - 5*f, 3*f = -3*i + 978. What is the highest common factor of i and j?
12
Let o(d) = d**3 + 6*d**2 - 4*d. Let l be o(-6). Let t be 3458 - (6/(-2) - 1) - 6. Suppose -4*k - t = -22*k. What is the greatest common factor of l and k?
24
Let f be (3 - -215) + (-15 - (3 - 20)). Calculate the highest common divisor of 2068 and f.
44
Let p = -2040 - -6121. What is the highest common divisor of 143 and p?
11
Suppose 10*a - 86 = 164. Suppose -a*y + 1070 = -13105. Calculate the greatest common divisor of 21 and y.
21
Let p be (-4)/(-20) + 6/20 - (-8937306)/252. Calculate the highest common divisor of 138 and p.
138
Suppose n - 1 = -2*q, 5*n - q + 1263 = 1334. Suppose -47 = -2*z - 2*z + 3*k, -2*k - 13 = -z. Let o = z - -2. What is the greatest common divisor of o and n?
13
Let s = -62052 - -62066. Let j be -2*(-1 - (1 + 0)). Calculate the greatest common divisor of s and j.
2
Let q(s) = 31*s**3 - 38*s**2 - 14*s + 35. Let g be q(4). Calculate the greatest common divisor of g and 15.
5
Suppose -307*a - 136212 = -893274. Calculate the greatest common divisor of a and 274.
274
Suppose 15*u - 17*u = -56. Let w = 91 + u. What is the greatest common factor of w and 17?
17
Suppose -16*n = -17*n + 3. Suppose -2*w - 3*k + 14 = 0, 0 = k + 4*k. Suppose 0 = n*i - w*i + 112. What is the highest common divisor of i and 4?
4
Suppose 20*j + 2*b + 265 = 19*j, -3*j - 811 = 2*b. Let s = j + 349. What is the highest common factor of s and 19?
19
Let k be (2 - -54)/((-1)/(-2)). Let r = -58 + 73. Suppose -r*l - 89 + 299 = 0. Calculate the highest common factor of k and l.
14
Let g(w) = -138*w - 1. Let u be g(-2). Let j = 544 - u. Let m = 379 - j. What is the highest common factor of 44 and m?
22
Let p(j) = -6*j - 6. Let f be p(-7). Let k be 11*2*(3 + f/8). Let z = 258 - k. Calculate the greatest common factor of 62 and z.
31
Let y be 2492/(-126) + ((-20)/9 - -2). Let q be ((-12)/y)/((-1)/5). Let h be (-459)/(-36)*(-8)/q. Calculate the greatest common factor of h and 51.
17
Let x be 57/18 + 0 + 2/(-12). Let r be x/(((-15)/(-20))/((-5)/(-2))). Suppose i - c + 46 = 6*i, 5*c + r = -i. What is the greatest common factor of 30 and i?
10
Let j = 8814 + -7997. Calculate the greatest common factor of 86 and j.
43
Let v be 42/(12181/1014 - 12). What is the greatest common divisor of 224 and v?
28
Let c(u) = -118*u + 5878. Let o be c(49). What is the greatest common factor of o and 496?
16
Suppose -q - 1698 = -a, 721*a - 3*q - 3392 = 719*a. Calculate the highest common factor of a and 184.
46
Let g = -1007 - -1496. Suppose 27*h = g + 591. What is the highest common divisor of h and 32?
8
Let s be 3*(-3)/(-18) - (-65)/10. Let c(j) = 0*j + 20*j - 5*j + 7 - s*j. Let k be c(3). Calculate the greatest common divisor of 31 and k.
31
Let z be 81/(-243) + 793/3 + 2. What is the greatest common divisor of z and 18?
2
Let g = 1172 + -977. Calculate the highest common factor of g and 33.
3
Let g be 6 + (3213/(-651) - 4/62). Calculate the highest common factor of g and 41.
1
Suppose -363*f + y = -360*f - 438, 0 = 5*f - 3*y - 734. Let r be (-2 - -3)*(-10)/(-2). What is the highest common divisor of f and r?
5
Let n(s) = -s**2 + 40. Let y = -1 - -1. Let o be n(y). Let b = -703 - -763. What is the greatest common divisor of o and b?
20
Suppose -18*w + 27*w - 190 = -4*r, -5*r = -3*w + 19. Suppose 0 = 2*g - 3*n - 21, -3*n + 7 = 3*g - 32. What is the greatest common factor of w and g?
6
Suppose 0 = 4*b + 325 - 937. Let t = 2641 - 2623. What is the greatest common divisor of b and t?
9
Suppose -3*u + 130 = 5*v, -2*v + 8*u - 3*u = -52. What is the highest common divisor of v and 65?
13
Suppose -g = -0*g - 4*u + 4, -3*g = -u + 1. Suppose g = 18*p - 14*p - 88. Let a = 22 + p. Calculate the highest common factor of 308 and a.
44
Suppose 3*j + 0 = -3*b + 21, -20 = -5*b - 2*j. Let q be (-3)/b + (-3 - (-196)/8). What is the highest common divisor of q and 60?
20
Let c = -143 - -146. Let a be (10/20)/(c/(0 + 156)). Calculate the greatest common divisor of 104 and a.
26
Let b be (-9)/(2 - -1) - (-24)/3. Let m be -3 + b + 0/3*-1. Suppose -135 - 1 = -m*c. Calculate the greatest common divisor of c and 17.
17
Let k(b) = -6*b**2 + 24*b + 146. Let a(t) = -2*t**2 + 8*t + 49. Let l(r) = 11*a(r) - 4*k(r). Let o be l(12). What is the highest common factor of 343 and o?
49
Let k be (0*(-3)/9)/2. Suppose k*l + 2*l - 28 = 0. Let w be 6/(-2)*(-301)/129. What is the highest common factor of w and l?
7
Suppose -4*d - 24 = -12*d. Suppose -23 = -5*t - 4*z + 34, d = t - 2*z. What is the highest common divisor of 4 and t?
1
Let m = -158 + 116. Let x be (-22)/33*m/4. What is the highest common divisor of x and 7?
7
Let s(c) = -4*c + 6. Let t be s(0). Suppose -3*w + t = -6. Suppose -w*u + 30 = -10. Wh